ative of -5*d**2 - 37*d - 18. Let f be o(-4). Suppose -r - 4*r - 3*q - 5 = 0, -r + f*q = -17. What is h(r)?
-10
Let w = 658 - 656. Let v(c) = 23 - 2 - 8*c**2 + w*c - 6*c**3 + 7*c**3 - 40. What is v(8)?
-3
Suppose 0 = -4*r + 110 + 70. Let s = r + -54. Let x be -8 + s/((-27)/6). Let j(a) = a**3 + 7*a**2 + 7*a - 5. Determine j(x).
-11
Let n be ((-691)/6910)/(2/(-20)). Let l(k) = 23*k - 14. What is l(n)?
9
Let o(z) be the second derivative of -z**8/672 + z**7/1260 - z**5/120 - 7*z**4/12 - 2*z**3/3 - 22*z. Let j(b) be the third derivative of o(b). Give j(-1).
11
Let s(r) = -5*r**2 + 12*r + 3. Let w(y) = 6*y**2 - 15*y - 4. Let v(d) = -5*s(d) - 4*w(d). Let l(x) = x**2 + x. Let n(q) = -3*l(q) + 2*v(q). Give n(-5).
-8
Let t(q) be the first derivative of -q**3/3 - 5*q**2/2 - 3*q - 36856. Let l(y) = y**3 - 4*y**2 - 4. Let u = -4 + 8. Let a be l(u). Determine t(a).
1
Let p(u) = -2*u**2 - 136*u + 739. Let o be p(-73). Let z(d) = -d**3 + 8*d**2 + 33*d - 207. Determine z(o).
9
Let s be 5/((-105)/(-6)) + (-66)/(-14). Let n(p) = -6*p**3 - 10 - 3*p**2 + 5*p**3 - 3*p - s + 14. Give n(-2).
1
Let t(o) be the second derivative of -2*o**3/3 + o**2 - 824*o. Suppose 0 = -c - 2*f + 11, -2*f - 4 = -c - c. Calculate t(c).
-18
Let m(v) = -v**2 - 4*v**2 + 0*v**2 - v**3 + 5*v + 4. Let l be 4 + -8 - -10 - (3 + -2). Suppose l*d + 3 = -b - 13, 0 = 5*b - 4*d + 22. Give m(b).
10
Let h(b) = 33*b**3 - 37*b**2 - 44*b + 3. Let p(v) = 7*v**3 - 8*v**2 - 9*v + 1. Let j(n) = -3*h(n) + 14*p(n). What is j(-2)?
-3
Let d = -21996 + 21998. Let x(p) = -6*p - 17. Calculate x(d).
-29
Let o(y) = 2*y - 181. Let a(u) = -2*u + 240. Let q(d) = -2*a(d) - 3*o(d). Calculate q(28).
7
Let m(a) = 4*a + 36. Let t(z) = -z**3 - 34*z**2 + 32*z - 112. Let u be t(-35). Give m(u).
8
Let f(y) = 115*y + 689. Let w be f(-6). Let u(d) be the second derivative of 3*d**3/2 + d**2/2 - 3*d. Determine u(w).
-8
Let s be (2 - (-4)/(-3))*6. Let u = -46 + 49. Let p(t) = t**3 + 11*t**2 + 4*t - 2*t**3 + u - 8*t**2. Give p(s).
3
Let d(c) = -26*c**2 + 84*c - 24. Let i(b) = 14*b**2 - 45*b + 11. Let y(z) = 6*d(z) + 11*i(z). What is y(5)?
-28
Let z(v) = -12 + 4 - 2*v**2 + 7*v - 3*v + 2*v - 8*v. Determine z(6).
-92
Let v(n) = -66*n - 48. Let z(r) = 149*r + 110. Let g(w) = -9*v(w) - 4*z(w). Suppose -4*l + 45 = -5*i, -3*i + 5*i = -4*l - 18. Determine g(i).
10
Let i(k) = -k**2 - 11*k - 48. Let d = -1917 + 1911. What is i(d)?
-18
Let k(o) = -o**2 - 2*o + 6. Let v(f) = f**3 - 25*f**2 + 118*f + 53. Let a be v(7). What is k(a)?
3
Let k be ((-1)/((-1)/(-4)))/(-1). Let t(y) = 3*y**2 - y - 1. Let x be t(-1). Let i(z) = -x*z + 12*z - 2 + z**2 + k + 5. What is i(-7)?
-7
Let g(q) = 13*q**2 - 4*q + 3. Let l = 680 + -698. Let v = l + 20. What is g(v)?
47
Let b = -215 - -389. Let d = b - 181. Let p(g) = g + 7. What is p(d)?
0
Let v(q) = 1770*q + 125 + 119 - 970*q - 740*q. Calculate v(-4).
4
Let x(v) = -23*v + 63. Let q(s) = 26*s - 69. Let u(z) = -8*q(z) - 9*x(z). Suppose -11 = 3*d - 2*d. Determine u(d).
-4
Let g(n) = 4*n**3 - 4*n**2 + 5*n - 1. Let c = 2850 - 2849. Determine g(c).
4
Let y(u) = -2116*u - 2110*u - 3*u**2 + 2*u**2 + 16 + 4229*u + 0*u**2. Give y(7).
-12
Let m(u) be the second derivative of u**3/6 - u**2/2 - 3*u. Let n = 1231 + -1225. Determine m(n).
5
Let b(u) = -5*u + 13. Let m be 3/(-7) + (-54)/21. Let i(f) = -8*f + 25. Let k(x) = m*i(x) + 5*b(x). What is k(-11)?
1
Let y(u) be the third derivative of -u**4/24 - 7*u**3/6 + u**2. Let w = -595 + 613. Suppose 25 = 5*i, w*x - 13*x + 15 = 3*i. Determine y(x).
-7
Let p = -121 + 133. Suppose 4*m - p = 0, -3*u - m + 19 = -u. Let j(x) = x**3 - 7*x**2 - 11*x. Calculate j(u).
-24
Let v be 49 + ((-2)/6)/((-24)/(-72)). Let a(i) = i + 2 + 49*i - v*i. Give a(-1).
0
Suppose 4*h - 26 = 2. Let g(v) = h - 2*v - 22 - 5*v - v**3 + 10 + 8*v**2. What is g(7)?
-5
Let i be -3 - -3 - (0 + -90). Let h be ((-76)/228)/((-1)/9). Let n(p) = 47*p**2 + 49*p**2 - i*p**2 + p**h - 6 + p. Give n(-6).
-12
Let h = 1904 - 1110. Let f = h - 787. Let i(s) = s - 19. Determine i(f).
-12
Let k(h) be the third derivative of h**6/720 + 7*h**5/120 - h**4/2 - 5*h**3/6 + 28*h**2 + 2*h. Let s(q) be the second derivative of k(q). Calculate s(0).
7
Let s(f) be the first derivative of 7*f**2/2 - 4*f + 3. Let v be 0*(-2)/12 - (-57 - -59). Calculate s(v).
-18
Let a(n) = 59*n**2 + 23*n - 11. Let k(o) = -265*o**2 - 94*o + 43. Let s(y) = -9*a(y) - 2*k(y). Give s(-19).
13
Let s(v) be the first derivative of v**4/2 + 7*v**3/3 + 5*v**2 + 6*v + 7893. Give s(-4).
-50
Let n(r) be the third derivative of r**6/60 + 2*r**5/15 + 3*r**4/8 + 17*r**3/3 - 61*r**2 - 3. Give n(-4).
-2
Let u(a) be the second derivative of -a**5/20 - a**4/2 - 13*a**3/6 - 15*a**2/2 + 330*a - 2. Calculate u(-4).
5
Suppose 111 = 13*j - 123. Let m(z) = -z**3 + 19*z**2 - 21*z + 57. Calculate m(j).
3
Suppose -39*y = -37*y + 4*o + 56, 0 = 4*y - 3*o + 79. Let m(k) = 4*k + 94. Determine m(y).
6
Let l(r) = -2*r - 10. Let m(c) = 3*c + 11. Let x(z) = 4*l(z) + 3*m(z). Let v be x(3). Let o be (-2)/v*(0 + -6). Let f(j) = -j**2 + 3. What is f(o)?
-6
Let r(t) = 4*t - 5. Let b(d) = d**3 + 7*d**2 - 3*d - 4. Let p be b(-7). Suppose 5 = -p*v + 39. What is r(v)?
3
Suppose 3*d = -2*d, 5*u + 23 = -5*d - 12. Let k(r) = -r**2 - 8*r + 11. Calculate k(u).
18
Let f = -759 - -426. Let g be f/(-45) + (-2)/5. Let z(l) = -7 - 10*l + 6*l - l + g*l. Give z(5).
3
Let p(o) = -6*o. Suppose 4*d + 51 = -5*g + 147, -3*d - 20 = -2*g. Let i be (4/3)/((-2)/(-6)). Let q be 4*i/g*1. Give p(q).
-6
Let t be (-546)/(-65) + (-2)/5. Suppose 0*q = t*q - 16. Let j(i) = -i + 10*i + 6 - i**2 - q*i. Calculate j(7).
6
Let q(g) be the third derivative of -g**4/12 - 43*g**3/6 - 862*g**2. Calculate q(7).
-57
Let r = 200 - 196. Let t be (-24)/(-14) + 2/7. Suppose t*w + r*y + 2 + 6 = 0, 3*w = -5*y - 12. Let x(i) = -2*i**2 - 4*i - 1. What is x(w)?
-17
Let u(t) be the third derivative of -t**6/120 - t**5/12 - t**4/6 + 4*t**3/3 + t**2 - 8. Calculate u(-5).
28
Let g(x) = -6*x**2 + 11*x - 18. Suppose -13*t + 61 = -2*m, -3*m - 4*t - 2 = -28. Calculate g(m).
-20
Let a(c) be the second derivative of c**4/6 + 23*c**3/6 + 13*c**2/2 - 10897*c. Give a(-7).
-50
Let z(q) = q**3 - q**2 - 3*q - 3. Let x = 84 + -146. Let k = -59 - x. What is z(k)?
6
Let t(b) = 20 - 9*b**2 - 9 + 10*b**2 - 8 + 9*b. Let k(z) = -z**2 + 8*z. Let i be k(9). What is t(i)?
3
Suppose 6*z - 3*j - 21 = 3*z, 2*j + 10 = z. Suppose z*m - 4 + 0 = 0. Let s be (-3)/m + 2 + -6. Let o(y) = -y - 1. Give o(s).
6
Suppose 16*o + 684 = 10*o. Let h = o - -117. Let k(d) = d**2 - 6*d + 4. Calculate k(h).
-5
Let z(d) be the third derivative of d**6/120 - d**5/12 + d**4/12 - 10*d**3/3 + 31*d**2 + 1. Let j be z(5). Let g(u) = u**2 + 13*u + 12. Determine g(j).
-18
Let z(c) be the third derivative of c**6/120 + c**5/60 - c**4/12 + 2*c**3/3 + 3866*c**2. Calculate z(3).
34
Let q(m) = -429*m + 11 - 399*m + 8 + 821*m + 5. What is q(9)?
-39
Let w(i) = 2*i**3 + 2*i**2 - i - 1. Let b be (((-54)/15)/(-3))/(1/(-40)). Let h = b + 64. Suppose 2*q - 6*q = 2*o - h, 5*o - q + 15 = 0. What is w(o)?
-7
Let j(r) be the first derivative of -11*r**4/2 - r**3/3 + 3*r**2/2 - 2*r - 419. Determine j(1).
-22
Let i(w) = w**2 + 2*w - 1. Let n(v) = -2*v**2 - 24*v + 1. Let a(m) = 6*i(m) + n(m). Let c(y) = y**2 - 2. Let x(d) = a(d) - 5*c(d). What is x(-13)?
-8
Let k(r) be the third derivative of r**5/60 + 19*r**4/24 + 43*r**3/3 - 1834*r**2. Give k(-8).
-2
Let c(r) = -r - 93. Let i(l) = 16*l - 1. Let v(u) = -c(u) + 3*i(u). Give v(-2).
-8
Let f(u) = u**2 - 12*u + 8. Let n(c) = 2*c**2 - 5*c - 12. Let s be n(14). Suppose h + 30*h = s. Calculate f(h).
-12
Let j(n) = -n**3 + 17*n**2 + 19*n - 16. Let q be j(18). Let i(a) = 2 + a**3 - 638*a + 645*a - 7*a**q + 0*a**3. Calculate i(5).
-13
Let y(k) = -k**3 + 4*k**2 - 2*k - 3. Let u be y(3). Let w(c) be the second derivative of -c**5/20 - c**4/12 - c**3/6 - 17*c**2/2 + 7893*c. What is w(u)?
-17
Let j = -49 + 133. Let z = 89 - j. Let g(r) = r + 1. Calculate g(z).
6
Let a(t) = 0*t - 5 + t**2 + 1 + t. Suppose 0 = -6*i - 16 + 58. Suppose 16 = i*y - 5. Calculate a(y).
8
Let g(b) = 14*b + 92. Suppose -7*y + 0*y - 11780 = -11731. Give g(y).
-6
Suppose 49*a = -22*a - 929 - 1059. Let i(h) = -h - 76. Determine i(a).
-48
Let m(j) = j**3 - j**2 - 2*j. Let b(d) = -2*d**3 + 9*d**2 + d + 10. Let i(s) = 